60
What is the value of (-9 - -14) + (-44 - (-8 + 6 - 3))?
-34
What is -2 + (72 - 33) + -43?
-6
What is the value of -50 + -25 + 56 + 9 + 34?
24
What is (-50 - -71 - (-3 - -14) - -7) + 3 + -10?
10
Evaluate -1 - (12 - (2 - (-26 + 32))).
-17
Calculate -7 + (-8 - -2) + 5 + -8 + 16.
0
What is -14 + 41 - 35 - (-32 + 1)?
23
What is 14 - 23 - -18 - 15 - (42 + -4)?
-44
Evaluate -71 - -81 - -1 - (3 - (2 + -6)) - 114.
-110
Evaluate -26 + 23 + -38 + 19 + -14.
-36
What is 178 - 168 - (-19 + 0 + -4)?
33
-34 - (-4 + 1 + 610 + -594)
-47
What is (31 - 53 - -5) + (-4 - 1 - -4)?
-18
What is 96 + -112 - (7 + -44) - 57?
-36
(-113 - 10 - 0) + -195 + 210
-108
What is the value of (64 - 44) + -82 + 22 + -4?
-44
What is the value of -176 + 212 - (-2 + 29) - 10 - (0 - -48)?
-49
Evaluate 109 - (1 + (0 + 0 - (71 - 86))).
93
Calculate (-28 - -7) + (-59 - -75) + 115 + 4.
114
What is -147 + 179 - (8 + -7 + 7)?
24
What is (3 - 2) + -5 + (-8 + 29 - 18)?
-1
What is the value of 28 - (3 - (-9 - 46 - -5))?
-25
Evaluate -45 - (-36 + 6 + -31).
16
What is (-39 + 22 - -35) + 43 - 22?
39
Calculate -4 + 67 + -21 + -84.
-42
What is the value of -2 - (-13 + 0) - (-36 - -85 - 100)?
62
Calculate (84 - 73 - (48 - 0)) + -1 + 6 + 3.
-29
Evaluate -20 + (271 - 183) - (27 - 1).
42
Calculate (8 - 11) + -24 - (28 - 5).
-50
53 - (-6 + (-14 + (11 + -12 - -1) - -13))
60
Calculate (23 - (-54 + 94)) + (8 - 1) - (-16 + -1).
7
Evaluate -42 + 45 + 33 - 6.
30
What is the value of 48 + 28 + -33 + (21 - 8) + 2 + -6?
52
Calculate (-157 - -8) + (-1016 - -1179).
14
Calculate -45 + 13 - -60 - 25 - -74.
77
What is the value of 15 + (-72 + 24 - -12)?
-21
What is the value of 47 - 48 - ((-7 - -9) + -11)?
8
(9 - 8 - (-1 + 0)) + (-81 - -174) + -26
69
(-13 + (-1 - 4) - -2) + -15 + 8
-23
Calculate 0 + (-2 - -12 - 5) - (24 - (-29 + 99)).
51
(-6 - 36 - (-13 + 3)) + 0 + -3 + 10
-25
Calculate (-9 + -3 - -2) + (63 + -50 - 31).
-28
Evaluate 36 + 9 + 16 + -45 + 20 + -6.
30
What is -20 - (9 - (-5 + 33 + -3))?
-4
What is 3 + -6 + 2 + (-49 - (-75 + 53))?
-28
Evaluate (491 - 489 - (1 - (1 - 26))) + -15.
-39
What is -2 + 93 - (-637 - -683)?
45
What is the value of 97 + -1 + -26 + 50 + -35 - -10?
95
Evaluate (-1067 - -1025) + (-9 - -2).
-49
Evaluate (-96 - -41) + 82 + -36.
-9
What is -23 + 56 + (8 - (-9 + 27))?
23
Evaluate (-32 + -6 + 26 - -39) + 44.
71
What is the value of 22 + -30 + (-12 - -54) - -7?
41
What is the value of (2 - -10) + (-55 - (-3 + 3) - (-151 + 159))?
-51
What is 19 + -105 - (-10 + -1) - (-9 + -3 - -2)?
-65
Evaluate (-44 - (-3 - (82 - 38))) + 36.
39
(11 - (-97 - -85)) + -43
-20
891 - 933 - (-63 - 6)
27
10848 + -10815 + (-1 - -26) + -1
57
Calculate 10 + (-16 - -70) - (7 + -1 + -3).
61
Evaluate (-13 + 16 - 14 - -6 - (-7 + 2)) + -10.
-10
What is the value of (41575 - 41618) + (-18 - (1 - 0))?
-62
Evaluate 3 - -15 - (238 + -27 - 54).
-139
Calculate ((-35 - -149) + 3 - -4) + -19.
102
(23 - -59 - -3) + -109
-24
What is the value of -53 - (-161 - (-149 - -30))?
-11
What is the value of (38 - (37 - 2)) + 55 + 5?
63
-3 - (-3 + -1 - (-89 + 95)) - -7
14
Calculate -14 + 62 - (76 - -13).
-41
(-1 - 11) + (-221 - -190 - (-20 + 4))
-27
What is 25 + -25 + (1 + -34 - -4) + 9 + -4?
-24
What is 2 - 7 - (-20 + (-16 + 24 - 7))?
14
(32 + -43 - -27) + -19
-3
-8 + 19 + -11 - (10 + (-11 - (17 + -7)))
11
Calculate -23 - (-5 - 5) - (31 - 62 - (3 - 14)).
7
Evaluate 1 + 0 + (1 + -4 - 1) - (14 + -58).
41
Evaluate 44 - 31 - 46 - -73.
40
-22 + 17 + 5 + -2 + -40
-42
(0 + -5 - 3) + (-128 - -115)
-21
What is (4 - (-29 + 13 - -12)) + -21 - -37?
24
-5 + (10 + -5 - 4 - 1) - (66 + -80)
9
What is -38 + -45 + 181 - 64?
34
Calculate (-3 - (0 + -11)) + (-176 - -171) - (-74 - 15).
92
7 + -18 + 2 - (1 - 0) - (5 - 18)
3
What is (-1 - -4) + 1 + 4 - (-115 - (105 - 328))?
-100
What is 41 + (-4 - 5 - (10 - 8))?
30
47 + (2 - -5 - -5) + (9 - -7)
75
(-20 - (4 - (-28 - -57))) + -55 + 0
-50
Calculate 26 + -6 - (6 + -20 + -27 + 24).
37
What is the value of 25 + 122 + (-39 - (22 + -65))?
151
What is 44 - (237 + -84) - -78?
-31
Calculate (-2 - (3 + (9 - 41) + -5)) + -4 - -2.
30
Evaluate -5507 + 5498 - (-28 + 0).
19
4 + 16 + -25 - (3 - (-10 + 2))
-16
What is the value of 91 - (63 - -85) - -17?
-40
Evaluate (-1 + 19 - (65 - (-52 + -2))) + -21.
-122
What is 23 + -43 + (-18 - (-15 + 23 + -13))?
-33
Calculate (-112 - -127) + (12 - 14) + -1 + -1.
11
What is the value of -11 + 27 - (1 + 2 + -18)?
31
Calculate (-17 + 44 - 6) + -12.
9
What is the value of 10 + -33 + 3 - -7 - -43?
30
What is the value of 2 + 1 + (101 - 103) + (-41 - -4)?
-36
Calculate -1 - 6 - (-41 + 63 + -109 + 45).
35
What is (16 - (18 - 14)) + -7 + 20?
25
What is -1059 + 1023 + (0 - -95) - (3 - 18)?
74
Calculate 21 - ((9 - 9) + 2) - 36.
-17
-40 + (-13 - -39) + (9 - (3 - 6)) + -4
-6
Evaluate (15 - 0) + (-67 - -84) + 0 + (0 - -3).
35
What is (0 - -10) + (-7 - (-13 - -8 - -26))?
-18
What is (20 - (73 + -47)) + -37?
-43
What is the value of -2 + -1 + 964 + -968 + (-1 - 4)?
-12
8 - (-17 + 49 + 2 + -25)
-1
What is 5 + (-7 - (102 + 8)) - (227 - 233)?
-106
Calculate -2 - -8 - (57 + (-75 - -16)).
8
(23 - (7 - 62)) + -52
26
What is -170 - -168 - (3 + (2 - 8) + 2)?
-1
What is -36 + (45 - 15) + -43?
-49
Evaluate 248 + -209 - (-1 - (-4 + 19)) - 5.
50
(-54 - (-20 + 14)) + -16 + -1
-65
Evaluate -2 - ((2 - -15 - 38) + 15).
4
What is (-1545 - -1529) + (-1 + 3 - (66 - -5))?
-85
0 - (1 + -3) - (5 + 2 + 27 + -65)
33
-46 - (-8 + 39 + -17 + 4 + 2 + -10)
-56
Calculate -7 + (22 - 23 - -1 - 54).
-61
(40 - 11) + -24 - (-30 + -2)
37
Calculate (0 - -1) + 41 - ((-32 - -38) + 13 - 16).
39
Calculate (-11 + -31 - 7 - (-10 - -1)) + (5 - 7).
-42
Evaluate 29 - (29 + -51 + 143 + 10).
-102
Calculate -62 - (-1 + 3 + -3 - ((13 - 31) + 15)).
-64
What is the value of 1 + -3 + (39 - -42) - (8 + (-33 - -19))?
85
Evaluate -32 + (0 + 19 - 5) + 29 + 27.
38
(5 + 0 - -1) + (-52 - -47 - (-14 + 20))
-5
Evaluate -60 + (88 + -214 - -46).
-140
(-52 - -40) + -21 - -78
45
Calculate -138 + 383 + -153 - 3.
89
-2 + -50 + (51 - -4) + 0 + 15
18
Evaluate 15 + 1 + 15 + -18 - -22.
35
Evaluate 6 + 2 - (-11 - (5 + -12)) - 47.
-35
-6 + 1 + (20 - (13 + (2 - -4))) - -53
49
What is 16 - (-15 + -20 + (4 - -10) - (-2 - -17))?
52
What is the value of (20 - 36 - 18) + 12 + 1 + 0?
-21
What is the value of 72 + 12 + (97 - 52 - -1)?
130
What is the value of -16 - -1 - (142 - (23 - (-1 - 1)) - 22)?
-110
Calculate 12 + (-26 - -3) + 2.
-9
Evaluate 1 - (-7 + 6 + -2 + -16 + 35).
-15
What is the value of 12 + 0 + -26 + -16 + 52?
22
Calculate -12 + -108 + -32 + 43 + -3.
-112
Evaluate 1883 + -1904 - (1 - -2).
-24
18 + 12 + -20 + -4 + -5 - (4 + 12)
-15
What is the value of (-14 - -1) + 1 - (118 - 182 - -49)?
3
-6 + 3 + -2 + (16 - 16)
-5
Evaluate -19 + (-16 - -19) + -17 + -9 + 22.
-20
Evaluate -232 + 235 + (1 - (2 - (-3 - (3 + -4)))).
0
20 + 2 + 77 + -151 + 12
-40
Evaluate (-149 - -147) + (40 - (-1 + (0 - 5 - -6))).
38
Calculate -2 + 6 - (-17 + (-16 - -1) + 22).
14
(-10 - -22) + -13 + -15 + 127
111
What is 0 + (-12 - 9) + 28 - 9?
-2
What is 71 - 101 - (6 + (-2 - -11))?
-45
56 + 0 - ((-2 - -12) + -11 + -1)
58
What is the value of -13 - 0 - ((69 - 1) + (-1603 - -1540))?
-18
What is the value of 16 + 34 + 6 + -11 + 25?
70
What is (19 - 11) + 130 + (15 - 12) + -26?
115
What is the value of 4 + 8 + -11 + (-2 + -12 - -41)?
28
Calculate -26 + (-12 - 25) + 88 - 92.
-67
Evaluate -1662 + 1690 - (90 + 1).
-63
What is -11 + 53 + -48 + -10 + -1 + 3?
-14
What is -17 + 14 - (-36 + -1) - -3 - -13?
50
2 + -15 - (-3 + -522 + 505 + (0 - -6))
1
What is the value of -116 + 3 - (34 + -105)?
-42
What is -1859 - -1929 - (-1 - 9)?
80
What is the value of 60 - ((-5 + 4 - 6) + 21)?
46
Calculate -13 - (30 + (57 - 5 - 36)).
-59
What is 43 + 0 + 122 + -126 - 23?
16
Calculate (-3 - 1) + 45 + -2 + -536 + 525.
28
What is the value of -83 + 2 + (-49 - -92)?
-38
Evaluate 4925 - 5008 - (1 - 81).
-3
Evaluate 22 - 3 - (1443 - 1503).
79
Evaluate 19 - (2 + -16 - -8 - -20).
5
Calculate -21 + -8 + (-23 - -34) - (6 + -2 + -17).
-5
What is (4 - ((26 - 32) + 4 + (-9 - -18))) + 8?
5
Evaluate 4 - (5 + -39) - 38 - (30 + 0 + 1).
-31
Evaluate -58 + (57 - 31) + -8.
-40
Evaluate 68 - (-466 + 512 - (37 - -3)).
62
(8 - (62 - 158)) + -26
78
8 + (-9 - -7 - -21) + -9 + (-19 - -9)
8
What is -7 + (35 - 17) - -12 - (-4 + -9)?
36
Evaluate (15 - (-1